{"id":951,"date":"2023-11-14T12:02:03","date_gmt":"2023-11-14T11:02:03","guid":{"rendered":"https:\/\/dev-brno.hudysteny.cz\/?page_id=951"},"modified":"2024-02-21T08:17:48","modified_gmt":"2024-02-21T07:17:48","slug":"hudy-individualni-lezecky-trenink","status":"publish","type":"page","link":"https:\/\/www.hudysteny.cz\/brno\/krouzky-a-lekce\/hudy-individualni-lezecky-trenink\/","title":{"rendered":"HUDY individu\u00e1ln\u00ed lezeck\u00fd tr\u00e9nink"},"content":{"rendered":"\n<h2 class=\"wp-block-heading\">Individu\u00e1ln\u00ed p\u0159\u00edstup 1 tren\u00e9r\/1 lezec, maxim\u00e1ln\u011b 1 tren\u00e9r\/1 lezeck\u00e9 dvojice<\/h2>\n\n\n\n<p class=\"wp-block-paragraph\"><strong>Lezete, ale ale va\u0161e lezeck\u00e1 technika tak n\u011bjak kol\u00eds\u00e1?<\/strong><\/p>\n\n\n\n<p class=\"wp-block-paragraph\"><strong>Lezete, ale ob\u010das v\u00e1m tak trochu brzo doch\u00e1z\u00ed?<\/strong><\/p>\n\n\n\n<p class=\"wp-block-paragraph\"><strong>Lezete, ale n\u011bkdy v\u00e1s zastav\u00ed hlava d\u0159\u00edv ne\u017e kondice?<\/strong><\/p>\n\n\n\n<p class=\"wp-block-paragraph\"><strong>S t\u00edm v\u0161\u00edm a mnoh\u00fdm dal\u0161\u00edm se d\u00e1 pracovat.<\/strong><\/p>\n\n\n\n<h2 class=\"wp-block-heading\">Co je HUDY lezeck\u00fd trenink<\/h2>\n\n\n\n<p class=\"wp-block-paragraph\">Individu\u00e1ln\u011b pojat\u00fd lezeck\u00fd program zam\u011b\u0159en\u00fd na rozvoj va\u0161\u00ed lezeck\u00e9 dovednosti.<\/p>\n\n\n\n<p class=\"wp-block-paragraph\">Sejdete se s tren\u00e9rem, nadefinujete si v\u00e1\u0161 probl\u00e9m, v\u00e1\u0161 c\u00edl a tren\u00e9r navrhne mo\u017en\u00fd postup.<\/p>\n\n\n\n<p class=\"wp-block-paragraph\">Je mo\u017en\u00e1 domluva na jedn\u00e9 dvouhodinov\u00e9 lekci k vy\u0159e\u0161en\u00ed konkr\u00e9tn\u00edho dotazu, nebo s\u00e9rii lekc\u00ed<\/p>\n\n\n\n<h2 class=\"wp-block-heading\">Kdy?<\/h2>\n\n\n\n<p class=\"wp-block-paragraph\">Zavol\u00e1te na st\u011bnu. Nap\u00ed\u0161ete e-mail a dohodnete si sch\u016fzku s tren\u00e9rem podle va\u0161\u00edch a jeho \u010dasov\u00fdch mo\u017enost\u00ed.<\/p>\n\n\n\n<h2 class=\"wp-block-heading\">Prvn\u00ed trenink?<\/h2>\n\n\n\n<p class=\"wp-block-paragraph\">Prvn\u00ed trenink zahrnuje 30 min konzultaci&nbsp; va\u0161ich o\u010dek\u00e1v\u00e1n\u00ed a n\u00e1vrhu mo\u017en\u00fdch \u0159e\u0161en\u00ed, pak n\u00e1sleduje 2 hodinov\u00e1 treninkov\u00e1 jednotka.&nbsp;<\/p>\n\n\n\n<p class=\"wp-block-paragraph\">T\u00e9mata jednor\u00e1zov\u00fdch trenink\u016f mohou b\u00fdt od \u00favod\u016f do r\u016fzn\u00fdch typ\u016f treninku, zam\u011b\u0159en\u00ed na techniku lezen\u00ed i zam\u011b\u0159en\u00ed na specifickou problematiku spr\u00e1vn\u00e9ho ji\u0161t\u011bn\u00ed \u010di jin\u00fdch lanov\u00fdch technik (skaln\u00ed z\u00e1chrana, apod.)<\/p>\n\n\n\n<p class=\"wp-block-paragraph\">Dal\u0161\u00ed tr\u00e9ninkov\u00e9 jednotky jsou pak ji\u017e v\u017edy 2 hod p\u0159i individu\u00e1ln\u00ed dohod\u011b s tren\u00e9rem.<\/p>\n\n\n\n<p class=\"wp-block-paragraph\">Za HUDY lezeckou st\u011bnu v\u00e1s budou tr\u00e9novat podle zvolen\u00e9ho t\u00e9matu&nbsp; Gabriela Vr\u00e1bl\u00edkov\u00e1, Zuzana Sk\u0159i\u010dkov\u00e1, Eli\u0161ka Novotn\u00e1, Radek Lienerth.<\/p>\n\n\n\n<h2 class=\"wp-block-heading\">Cena<\/h2>\n\n\n\n<p class=\"wp-block-paragraph\">Cena zahrnuje vstup na st\u011bnu, zap\u016fj\u010den\u00ed nezbytn\u00e9ho vybaven\u00ed, slu\u017eby tren\u00e9ra a DPH.<\/p>\n\n\n\n<figure class=\"wp-block-table\"><table><tbody><tr><td>\u00favodn\u00ed lekce v\u010detn\u011b informa\u010dn\u00edho breefingu<\/td><td>2,5 hod<\/td><td>1650,- K\u010d<\/td><\/tr><tr><td>jednor\u00e1zov\u00fd tr\u00e9nink na vybran\u00e9 t\u00e9ma<\/td><td>2 hod<\/td><td>1500,- K\u010d<\/td><\/tr><tr><td>5 x&nbsp; tr\u00e9nink na vybran\u00e9 t\u00e9ma<\/td><td>5 x 2 hod<\/td><td>7100,- K\u010d<\/td><\/tr><tr><td>10 x tr\u00e9nink na vybran\u00e9 t\u00e9ma<\/td><td>10 x 2 hod<\/td><td>13500,-K\u010d<\/td><\/tr><\/tbody><\/table><\/figure>\n\n\n\n<h2 class=\"wp-block-heading\">P\u0159ihla\u0161ov\u00e1n\u00ed<\/h2>\n\n\n\n<p class=\"wp-block-paragraph\">&nbsp;V p\u0159\u00edpad\u011b z\u00e1jmu o tr\u00e9nink n\u00e1s pros\u00edm kontaktujte na&nbsp;<a href=\"mailto:stena.brno@hudy.cz\">stena.brno@hudy.cz<\/a>,&nbsp;dotazy pros\u00edm na telefon 603810600. Dohodneme s v\u00e1mi podle t\u00e9matu nejvhodn\u011bj\u0161\u00edho tren\u00e9ra a prvn\u00ed tr\u00e9nink dle vz\u00e1jemn\u00fdch mo\u017enost\u00ed.<\/p>\n","protected":false},"excerpt":{"rendered":"<p>Individu\u00e1ln\u00ed p\u0159\u00edstup 1 tren\u00e9r\/1 lezec, maxim\u00e1ln\u011b 1 tren\u00e9r\/1 lezeck\u00e9 dvojice Lezete, ale ale va\u0161e lezeck\u00e1 technika tak n\u011bjak kol\u00eds\u00e1? Lezete, ale ob\u010das v\u00e1m tak trochu brzo doch\u00e1z\u00ed? Lezete, ale n\u011bkdy v\u00e1s zastav\u00ed hlava d\u0159\u00edv ne\u017e kondice? S t\u00edm v\u0161\u00edm a mnoh\u00fdm dal\u0161\u00edm se d\u00e1 pracovat. Co je HUDY lezeck\u00fd trenink Individu\u00e1ln\u011b pojat\u00fd lezeck\u00fd program zam\u011b\u0159en\u00fd [&hellip;]<\/p>\n","protected":false},"author":1,"featured_media":0,"parent":33,"menu_order":31,"comment_status":"closed","ping_status":"closed","template":"","meta":{"_acf_changed":false,"_crdt_document":"","footnotes":""},"class_list":["post-951","page","type-page","status-publish","hentry"],"acf":[],"_links":{"self":[{"href":"https:\/\/www.hudysteny.cz\/brno\/wp-json\/wp\/v2\/pages\/951","targetHints":{"allow":["GET"]}}],"collection":[{"href":"https:\/\/www.hudysteny.cz\/brno\/wp-json\/wp\/v2\/pages"}],"about":[{"href":"https:\/\/www.hudysteny.cz\/brno\/wp-json\/wp\/v2\/types\/page"}],"author":[{"embeddable":true,"href":"https:\/\/www.hudysteny.cz\/brno\/wp-json\/wp\/v2\/users\/1"}],"replies":[{"embeddable":true,"href":"https:\/\/www.hudysteny.cz\/brno\/wp-json\/wp\/v2\/comments?post=951"}],"version-history":[{"count":2,"href":"https:\/\/www.hudysteny.cz\/brno\/wp-json\/wp\/v2\/pages\/951\/revisions"}],"predecessor-version":[{"id":1153,"href":"https:\/\/www.hudysteny.cz\/brno\/wp-json\/wp\/v2\/pages\/951\/revisions\/1153"}],"up":[{"embeddable":true,"href":"https:\/\/www.hudysteny.cz\/brno\/wp-json\/wp\/v2\/pages\/33"}],"wp:attachment":[{"href":"https:\/\/www.hudysteny.cz\/brno\/wp-json\/wp\/v2\/media?parent=951"}],"curies":[{"name":"wp","href":"https:\/\/api.w.org\/{rel}","templated":true}]}}

HUDY individuální lezecký trénink

<h2 class="wp-block-heading">Individuální přístup 1 trenér/1 lezec, maximálně 1 trenér/1 lezecké dvojice</h2>



<p class="wp-block-paragraph"><strong>Lezete, ale ale vaše lezecká technika tak nějak kolísá?</strong></p>



<p class="wp-block-paragraph"><strong>Lezete, ale občas vám tak trochu brzo dochází?</strong></p>



<p class="wp-block-paragraph"><strong>Lezete, ale někdy vás zastaví hlava dřív než kondice?</strong></p>



<p class="wp-block-paragraph"><strong>S tím vším a mnohým dalším se dá pracovat.</strong></p>



<h2 class="wp-block-heading">Co je HUDY lezecký trenink</h2>



<p class="wp-block-paragraph">Individuálně pojatý lezecký program zaměřený na rozvoj vaší lezecké dovednosti.</p>



<p class="wp-block-paragraph">Sejdete se s trenérem, nadefinujete si váš problém, váš cíl a trenér navrhne možný postup.</p>



<p class="wp-block-paragraph">Je možná domluva na jedné dvouhodinové lekci k vyřešení konkrétního dotazu, nebo sérii lekcí</p>



<h2 class="wp-block-heading">Kdy?</h2>



<p class="wp-block-paragraph">Zavoláte na stěnu. Napíšete e-mail a dohodnete si schůzku s trenérem podle vaších a jeho časových možností.</p>



<h2 class="wp-block-heading">První trenink?</h2>



<p class="wp-block-paragraph">První trenink zahrnuje 30 min konzultaci&nbsp; vašich očekávání a návrhu možných řešení, pak následuje 2 hodinová treninková jednotka.&nbsp;</p>



<p class="wp-block-paragraph">Témata jednorázových treninků mohou být od úvodů do různých typů treninku, zaměření na techniku lezení i zaměření na specifickou problematiku správného jištění či jiných lanových technik (skalní záchrana, apod.)</p>



<p class="wp-block-paragraph">Další tréninkové jednotky jsou pak již vždy 2 hod při individuální dohodě s trenérem.</p>



<p class="wp-block-paragraph">Za HUDY lezeckou stěnu vás budou trénovat podle zvoleného tématu&nbsp; Gabriela Vráblíková, Zuzana Skřičková, Eliška Novotná, Radek Lienerth.</p>



<h2 class="wp-block-heading">Cena</h2>



<p class="wp-block-paragraph">Cena zahrnuje vstup na stěnu, zapůjčení nezbytného vybavení, služby trenéra a DPH.</p>



<figure class="wp-block-table"><table><tbody><tr><td>úvodní lekce včetně informačního breefingu</td><td>2,5 hod</td><td>1650,- Kč</td></tr><tr><td>jednorázový trénink na vybrané téma</td><td>2 hod</td><td>1500,- Kč</td></tr><tr><td>5 x&nbsp; trénink na vybrané téma</td><td>5 x 2 hod</td><td>7100,- Kč</td></tr><tr><td>10 x trénink na vybrané téma</td><td>10 x 2 hod</td><td>13500,-Kč</td></tr></tbody></table></figure>



<h2 class="wp-block-heading">Přihlašování</h2>



<p class="wp-block-paragraph">&nbsp;V případě zájmu o trénink nás prosím kontaktujte na&nbsp;<a href="mailto:stena.brno@hudy.cz">stena.brno@hudy.cz</a>,&nbsp;dotazy prosím na telefon 603810600. Dohodneme s vámi podle tématu nejvhodnějšího trenéra a první trénink dle vzájemných možností.</p>

<p>Individuální přístup 1 trenér/1 lezec, maximálně 1 trenér/1 lezecké dvojice Lezete, ale ale vaše lezecká technika tak nějak kolísá? Lezete, ale občas vám tak trochu brzo dochází? Lezete, ale někdy vás zastaví hlava dřív než kondice? S tím vším a mnohým dalším se dá pracovat. Co je HUDY lezecký trenink Individuálně pojatý lezecký program zaměřený [&hellip;]</p>
