{"id":929,"date":"2023-11-14T11:56:06","date_gmt":"2023-11-14T10:56:06","guid":{"rendered":"https:\/\/dev-brno.hudysteny.cz\/?page_id=929"},"modified":"2023-11-14T12:01:00","modified_gmt":"2023-11-14T11:01:00","slug":"zakladni-kurz-lezeni-na-umele-stene","status":"publish","type":"page","link":"https:\/\/www.hudysteny.cz\/brno\/krouzky-a-lekce\/zakladni-kurz-lezeni-na-umele-stene\/","title":{"rendered":"Z\u00e1kladn\u00ed kurz lezen\u00ed na um\u011bl\u00e9 st\u011bn\u011b"},"content":{"rendered":"\n<p class=\"wp-block-paragraph\"><strong>N\u00e1pl\u0148 kurzu:<\/strong>&nbsp;4 lekce po 2 hodin\u00e1ch<br><br>1) Z\u00e1kladn\u00ed lezeck\u00fd materi\u00e1l pro pohyb na um\u011bl\u00e9 lezeck\u00e9 st\u011bn\u011b p\u0159i ji\u0161t\u011bn\u00ed lanem. Lezeck\u00fd pohyb na odli\u0161n\u00fdch profilech,&nbsp; technika a taktika&nbsp;lezeck\u00e9ho pohybu. Z\u00e1klady ji\u0161t\u011bn\u00ed TR, jist\u00edc\u00ed pom\u016fcky a jejich pou\u017e\u00edv\u00e1n\u00ed (\u00favazek, lano, kybl\u00edk). Navazov\u00e1n\u00ed a zakladn\u00ed uzly,&nbsp; komunikace, partner check.<br>2) Navazov\u00e1n\u00ed a ji\u0161t\u011bn\u00ed pomoc\u00ed HMS p\u0159i pou\u017eit\u00ed horn\u00edho lana. Z\u00e1kladn\u00ed komunikace p\u0159i lezen\u00ed s vyu\u017eit\u00edm horn\u00edho lana. Lezeck\u00e1 taktika p\u0159i lezen\u00ed del\u0161\u00edch cest, volba postupu. Problematika spou\u0161t\u011bn\u00ed p\u0159es HMS. Procvi\u010den\u00ed ji\u0161t\u011bn\u00ed pomoc\u00ed kybl\u00edku.<br>3) \u00davod do problematiky lezen\u00ed prvolezce. Prop\u00edn\u00e1n\u00ed jist\u00edc\u00edch bod\u016f, veden\u00ed lana, pozice lana a lezce. N\u00e1cvik s vyu\u017eit\u00edm horn\u00edho ji\u0161t\u011bn\u00ed. Prvn\u00ed samostatn\u00e9 lezen\u00ed v pozici prvolezce.<br>4) Zdokonalen\u00ed lezen\u00ed v pozici prvolezce, taktika prvolezce, veden\u00ed v odli\u0161n\u00fdch profilech. N\u00e1cvik p\u00e1du a chyt\u00e1n\u00ed p\u00e1du p\u0159i ji\u0161t\u011bn\u00ed pomoc\u00ed kybl\u00edku.<br><br><strong>Po absolvov\u00e1n\u00ed kurzu a \u00faspe\u0161n\u00e9m slo\u017een\u00ed z\u00e1v\u011bre\u010dn\u00e9ho p\u0159ezkou\u0161en\u00ed je \u00fa\u010dastn\u00edk schopen samostatn\u00e9ho pohybu na um\u011bl\u00fdch st\u011bn\u00e1ch. Bezpe\u010dn\u011b ovl\u00e1d\u00e1 techniku ji\u0161t\u011bn\u00ed pomoc\u00ed kybl\u00edku, je schopen se bezpe\u010dn\u011b a spr\u00e1vn\u011b nav\u00e1zat. M\u00e1 z\u00e1klady lezeck\u00e9 techniky a taktiky pro pot\u0159ebu um\u011bl\u00e9 lezeck\u00e9 st\u011bny v pozici lezen\u00ed s horn\u00edm lanem i v pozici lezen\u00ed prvolezce.<\/strong><\/p>\n\n\n\n<p class=\"wp-block-paragraph\"><strong>O absolvov\u00e1n\u00ed kurzu a slo\u017een\u00ed p\u0159ezkou\u0161en\u00ed obdr\u017e\u00ed \u00fa\u010dastn\u00edk&nbsp;<a href=\"http:\/\/www.climbingschool.cz\/var\/uploads\/files\/000000\/000029\/Umela_stena.pdf\" rel=\"noopener\">certifik\u00e1t<\/a>&nbsp;.<\/strong><\/p>\n\n\n\n<p class=\"wp-block-paragraph\"><strong>Lokalita realizace kurzu:<\/strong>&nbsp;<a href=\"http:\/\/www.hudysteny.cz\/brno\" target=\"_blank\" rel=\"noreferrer noopener\">HUDY lezeck\u00e1 st\u011bna Brno<\/a><\/p>\n\n\n\n<p class=\"wp-block-paragraph\"><br><strong>\u010casov\u00fd rozvrh kurzu:<\/strong>&nbsp;8 v\u00fdukov\u00fdch hodin rozd\u011blen\u00fdch do&nbsp;4 v\u00fdukov\u00fdch lekc\u00ed. Kurz bude prob\u00edhat ide\u00e1ln\u011b ve dvou lekc\u00edch t\u00fddn\u011b. Uzav\u0159en\u00fd skupin\u00e1m i&nbsp;individu\u00e1ln\u00ed v\u00fduce umis\u0165ujeme kurz do&nbsp;denn\u00edch nebo ve\u010dern\u00edch hodin podle va\u0161ich pot\u0159eb.&nbsp;<\/p>\n\n\n\n<p class=\"wp-block-paragraph\"><strong>Cena kurzu:<\/strong>&nbsp;Cena zahrnuje veden\u00ed kurzu \u0159\u00e1dn\u011b pro\u0161kolen\u00fdm a odpov\u00eddaj\u00edc\u00edm zp\u016fsobem certifikovan\u00fdm instruktorem, zap\u016fj\u010den\u00ed vybaven\u00ed (<a href=\"http:\/\/www.hudy.cz\/lezeni_vybaveni\/?fCB=23\" rel=\"noopener\">\u00favazky a hardware ROCK EMPIRE<\/a>,&nbsp;<a href=\"http:\/\/www.hudy.cz\/lezecky\/?fb=11\" rel=\"noopener\">leze\u010dky LA SPORTIVA<\/a>) , vstup na st\u011bnu a vystaven\u00ed certifik\u00e1tu o absolvov\u00e1n\u00ed kurzu. Cena je v\u010detn\u011b DPH. Cena nezahrnuje poji\u0161t\u011bn\u00ed.<\/p>\n\n\n\n<p class=\"wp-block-paragraph\"><strong>Zp\u016fsob platby: hotov\u011b nebo p\u0159evodem na \u00fa\u010det &#8211;&nbsp;2052788329\/0800; nelze platit kartou.<\/strong><\/p>\n\n\n\n<p class=\"wp-block-paragraph\"><strong>Pro zaji\u0161t\u011bn\u00ed instruktora n\u00e1s kontaktujte nejm\u00e9n\u011b dva dny p\u0159edem.<\/strong><\/p>\n\n\n\n<figure class=\"wp-block-table\"><table><tbody><tr><td><strong>&nbsp;Po\u010det host\u016f \/ cena za osobu<\/strong><\/td><td><strong>cena<\/strong><\/td><\/tr><tr><td>1<\/td><td>5290,- K\u010d<\/td><\/tr><tr><td>2<\/td><td>3690,- K\u010d<\/td><\/tr><tr><td>3<\/td><td>3190,- K\u010d<\/td><\/tr><tr><td>4<\/td><td>2890,- K\u010d<\/td><\/tr><\/tbody><\/table><\/figure>\n\n\n\n<figure class=\"wp-block-gallery has-nested-images columns-3 is-cropped wp-block-gallery-1 is-layout-flex wp-block-gallery-is-layout-flex\">\n<figure class=\"wp-block-image size-large\"><a href=\"https:\/\/www.hudysteny.cz\/brno\/wp-content\/uploads\/2023\/11\/HUDYstena_027.jpg\"><img loading=\"lazy\" decoding=\"async\" width=\"800\" height=\"533\" data-id=\"936\" src=\"https:\/\/www.hudysteny.cz\/brno\/wp-content\/uploads\/2023\/11\/HUDYstena_027.jpg\" alt=\"\" class=\"wp-image-936\" srcset=\"https:\/\/www.hudysteny.cz\/brno\/wp-content\/uploads\/2023\/11\/HUDYstena_027.jpg 800w, https:\/\/www.hudysteny.cz\/brno\/wp-content\/uploads\/2023\/11\/HUDYstena_027-300x200.jpg 300w, https:\/\/www.hudysteny.cz\/brno\/wp-content\/uploads\/2023\/11\/HUDYstena_027-768x512.jpg 768w\" sizes=\"auto, (max-width: 800px) 100vw, 800px\" \/><\/a><\/figure>\n\n\n\n<figure class=\"wp-block-image size-large\"><a href=\"https:\/\/www.hudysteny.cz\/brno\/wp-content\/uploads\/2023\/11\/HUDYstena_028.jpg\"><img loading=\"lazy\" decoding=\"async\" width=\"800\" height=\"533\" data-id=\"933\" src=\"https:\/\/www.hudysteny.cz\/brno\/wp-content\/uploads\/2023\/11\/HUDYstena_028.jpg\" alt=\"\" class=\"wp-image-933\" srcset=\"https:\/\/www.hudysteny.cz\/brno\/wp-content\/uploads\/2023\/11\/HUDYstena_028.jpg 800w, https:\/\/www.hudysteny.cz\/brno\/wp-content\/uploads\/2023\/11\/HUDYstena_028-300x200.jpg 300w, https:\/\/www.hudysteny.cz\/brno\/wp-content\/uploads\/2023\/11\/HUDYstena_028-768x512.jpg 768w\" sizes=\"auto, (max-width: 800px) 100vw, 800px\" \/><\/a><\/figure>\n\n\n\n<figure class=\"wp-block-image size-large\"><a href=\"https:\/\/www.hudysteny.cz\/brno\/wp-content\/uploads\/2023\/11\/HUDYstena_010.jpg\"><img loading=\"lazy\" decoding=\"async\" width=\"800\" height=\"533\" data-id=\"930\" src=\"https:\/\/www.hudysteny.cz\/brno\/wp-content\/uploads\/2023\/11\/HUDYstena_010.jpg\" alt=\"\" class=\"wp-image-930\" srcset=\"https:\/\/www.hudysteny.cz\/brno\/wp-content\/uploads\/2023\/11\/HUDYstena_010.jpg 800w, https:\/\/www.hudysteny.cz\/brno\/wp-content\/uploads\/2023\/11\/HUDYstena_010-300x200.jpg 300w, https:\/\/www.hudysteny.cz\/brno\/wp-content\/uploads\/2023\/11\/HUDYstena_010-768x512.jpg 768w\" sizes=\"auto, (max-width: 800px) 100vw, 800px\" \/><\/a><\/figure>\n<\/figure>\n","protected":false},"excerpt":{"rendered":"<p>N\u00e1pl\u0148 kurzu:&nbsp;4 lekce po 2 hodin\u00e1ch 1) Z\u00e1kladn\u00ed lezeck\u00fd materi\u00e1l pro pohyb na um\u011bl\u00e9 lezeck\u00e9 st\u011bn\u011b p\u0159i ji\u0161t\u011bn\u00ed lanem. Lezeck\u00fd pohyb na odli\u0161n\u00fdch profilech,&nbsp; technika a taktika&nbsp;lezeck\u00e9ho pohybu. Z\u00e1klady ji\u0161t\u011bn\u00ed TR, jist\u00edc\u00ed pom\u016fcky a jejich pou\u017e\u00edv\u00e1n\u00ed (\u00favazek, lano, kybl\u00edk). Navazov\u00e1n\u00ed a zakladn\u00ed uzly,&nbsp; komunikace, partner check.2) Navazov\u00e1n\u00ed a ji\u0161t\u011bn\u00ed pomoc\u00ed HMS p\u0159i pou\u017eit\u00ed horn\u00edho lana. [&hellip;]<\/p>\n","protected":false},"author":1,"featured_media":0,"parent":33,"menu_order":19,"comment_status":"closed","ping_status":"closed","template":"","meta":{"_acf_changed":false,"_crdt_document":"","footnotes":""},"class_list":["post-929","page","type-page","status-publish","hentry"],"acf":[],"_links":{"self":[{"href":"https:\/\/www.hudysteny.cz\/brno\/wp-json\/wp\/v2\/pages\/929","targetHints":{"allow":["GET"]}}],"collection":[{"href":"https:\/\/www.hudysteny.cz\/brno\/wp-json\/wp\/v2\/pages"}],"about":[{"href":"https:\/\/www.hudysteny.cz\/brno\/wp-json\/wp\/v2\/types\/page"}],"author":[{"embeddable":true,"href":"https:\/\/www.hudysteny.cz\/brno\/wp-json\/wp\/v2\/users\/1"}],"replies":[{"embeddable":true,"href":"https:\/\/www.hudysteny.cz\/brno\/wp-json\/wp\/v2\/comments?post=929"}],"version-history":[{"count":1,"href":"https:\/\/www.hudysteny.cz\/brno\/wp-json\/wp\/v2\/pages\/929\/revisions"}],"predecessor-version":[{"id":939,"href":"https:\/\/www.hudysteny.cz\/brno\/wp-json\/wp\/v2\/pages\/929\/revisions\/939"}],"up":[{"embeddable":true,"href":"https:\/\/www.hudysteny.cz\/brno\/wp-json\/wp\/v2\/pages\/33"}],"wp:attachment":[{"href":"https:\/\/www.hudysteny.cz\/brno\/wp-json\/wp\/v2\/media?parent=929"}],"curies":[{"name":"wp","href":"https:\/\/api.w.org\/{rel}","templated":true}]}}