{"id":508,"date":"2023-09-06T11:39:58","date_gmt":"2023-09-06T09:39:58","guid":{"rendered":"https:\/\/dev-brno.hudysteny.cz\/?page_id=508"},"modified":"2024-07-12T10:39:42","modified_gmt":"2024-07-12T08:39:42","slug":"pujcovne","status":"publish","type":"page","link":"https:\/\/www.hudysteny.cz\/brno\/cenik\/pujcovne\/","title":{"rendered":"P\u016fj\u010dovn\u00e9 vybaven\u00ed na lezeckou st\u011bnu"},"content":{"rendered":"\n<figure class=\"wp-block-table\"><table><tbody><tr><td><strong>Lano<\/strong><\/td><td><strong>70 K\u010d<\/strong><\/td><\/tr><tr><td><strong>Leze\u010dky<\/strong><\/td><td><strong>70 K\u010d<\/strong><\/td><\/tr><tr><td><strong>Sedac\u00ed \u00favazek<\/strong><\/td><td><strong>40 K\u010d<\/strong><\/td><\/tr><tr><td>Karabina s kybl\u00edkem<\/td><td>30 K\u010d<\/td><\/tr><tr><td>Karabina + Mammut Smart<\/td><td>30 K\u010d<\/td><\/tr><tr><td>Pytl\u00edk s magn\u00e9ziem<\/td><td>25 K\u010d<\/td><\/tr><tr><td>Brzda OHM &#8211; zap\u016fj\u010dujeme pro zv\u00fd\u0161en\u00ed bezpe\u010dnosti zdarma \u00a0 \u00a0 \u00a0 \u00a0 \u00a0 \u00a0 \u00a0<\/td><td>0 K\u010d<\/td><\/tr><tr><td>Komplet pro dvojici<\/td><td>300 K\u010d<\/td><\/tr><\/tbody><\/table><\/figure>\n\n\n\n<p class=\"wp-block-paragraph\">A co v\u0161echno pot\u0159ebujete pro&nbsp;<strong>lezen\u00ed na um\u011bl\u00e9 st\u011bn\u011b<\/strong>?<\/p>\n\n\n\n<p class=\"wp-block-paragraph\">2x sed\u00e1k, 2x leze\u010dky, lano 40 m, pytl\u00edk s magn\u00e9ziem, jist\u00edtko s karabinou<\/p>\n","protected":false},"excerpt":{"rendered":"<p>Lano 70 K\u010d Leze\u010dky 70 K\u010d Sedac\u00ed \u00favazek 40 K\u010d Karabina s kybl\u00edkem 30 K\u010d Karabina + Mammut Smart 30 K\u010d Pytl\u00edk s magn\u00e9ziem 25 K\u010d Brzda OHM &#8211; zap\u016fj\u010dujeme pro zv\u00fd\u0161en\u00ed bezpe\u010dnosti zdarma \u00a0 \u00a0 \u00a0 \u00a0 \u00a0 \u00a0 \u00a0 0 K\u010d Komplet pro dvojici 300 K\u010d A co v\u0161echno pot\u0159ebujete pro&nbsp;lezen\u00ed na um\u011bl\u00e9 [&hellip;]<\/p>\n","protected":false},"author":1,"featured_media":0,"parent":35,"menu_order":52,"comment_status":"closed","ping_status":"closed","template":"","meta":{"_acf_changed":false,"_crdt_document":"","footnotes":""},"class_list":["post-508","page","type-page","status-publish","hentry"],"acf":[],"_links":{"self":[{"href":"https:\/\/www.hudysteny.cz\/brno\/wp-json\/wp\/v2\/pages\/508","targetHints":{"allow":["GET"]}}],"collection":[{"href":"https:\/\/www.hudysteny.cz\/brno\/wp-json\/wp\/v2\/pages"}],"about":[{"href":"https:\/\/www.hudysteny.cz\/brno\/wp-json\/wp\/v2\/types\/page"}],"author":[{"embeddable":true,"href":"https:\/\/www.hudysteny.cz\/brno\/wp-json\/wp\/v2\/users\/1"}],"replies":[{"embeddable":true,"href":"https:\/\/www.hudysteny.cz\/brno\/wp-json\/wp\/v2\/comments?post=508"}],"version-history":[{"count":1,"href":"https:\/\/www.hudysteny.cz\/brno\/wp-json\/wp\/v2\/pages\/508\/revisions"}],"predecessor-version":[{"id":1165,"href":"https:\/\/www.hudysteny.cz\/brno\/wp-json\/wp\/v2\/pages\/508\/revisions\/1165"}],"up":[{"embeddable":true,"href":"https:\/\/www.hudysteny.cz\/brno\/wp-json\/wp\/v2\/pages\/35"}],"wp:attachment":[{"href":"https:\/\/www.hudysteny.cz\/brno\/wp-json\/wp\/v2\/media?parent=508"}],"curies":[{"name":"wp","href":"https:\/\/api.w.org\/{rel}","templated":true}]}}