{"id":462,"date":"2023-09-04T18:00:11","date_gmt":"2023-09-04T16:00:11","guid":{"rendered":"https:\/\/dev-brno.hudysteny.cz\/?page_id=462"},"modified":"2024-01-09T09:29:12","modified_gmt":"2024-01-09T08:29:12","slug":"parametry-steny","status":"publish","type":"page","link":"https:\/\/www.hudysteny.cz\/brno\/stena\/parametry-steny\/","title":{"rendered":"Parametry st\u011bny"},"content":{"rendered":"\n<h3 class=\"wp-block-heading\">Hlavn\u00ed lezeck\u00e1 st\u011bna<\/h3>\n\n\n\n<p class=\"wp-block-paragraph\">Hlavn\u00ed lezeck\u00e1 hala se rozkl\u00e1d\u00e1 na plo\u0161e\u00a0<strong>60\u00a0m x 12,5 m\u00a0<\/strong>a nab\u00edz\u00ed lezeck\u00e9 linie v\u00a0d\u00e9lce\u00a0<strong>11,5 a\u017e 22 m<\/strong>. Poskytuje lezen\u00ed jak v\u00a0uklon\u011bn\u00fdch strukturovan\u00fdch profilech, tak lezen\u00ed v\u00a0profilech kolm\u00fdch a p\u0159evisl\u00fdch. P\u0159evislost hlavn\u00edho sportovn\u00edho profilu \u201eGrotta\u201c dosahuje \u00factyhodn\u00fdch\u00a0<strong>8 m,\u00a0<\/strong>u sportovn\u00edho profilu N\u00e1rodn\u00edho treninkov\u00e9ho centra pak 8,5 m a cesty v obt\u00ed\u017enosti a\u017e 9a stav\u011bn\u00e9 certifikovan\u00fdmi \u010desk\u00fdmi i zahrani\u010dn\u00edmi stav\u011b\u010di \u010cHS \/ IFSC. Celkem se ve v\u0161ech sektorech lezeck\u00e9 st\u011bny rozkl\u00e1d\u00e1\u00a0<strong>3000 m\u00a0<\/strong>\u010dtvere\u010dn\u00edch lezeck\u00e9 plochy se\u00a0<strong>135 liniemi ji\u0161t\u011bn\u00ed<\/strong>. V z\u00e1v\u011bru \u010d\u00e1sti N\u00e1rodn\u00edho sportovn\u00edho centra jsou\u00a0<strong>dv\u011b certifikovan\u00e9 dr\u00e1hy na rychlolezen\u00ed\u00a0<\/strong>v\u010detn\u011b samonavij\u00e1k\u016f a \u010dasom\u00edry.\u00a0<strong>Celkem 44 jist\u00edc\u00edch lini\u00ed (cca 100 cest je vykryto jist\u00edc\u00edmi samonavij\u00e1ky)<\/strong>.<\/p>\n\n\n\n<div style=\"height:65px\" aria-hidden=\"true\" class=\"wp-block-spacer\"><\/div>\n\n\n\n<h3 class=\"wp-block-heading\">Boulderingov\u00e1 st\u011bna<\/h3>\n\n\n\n<p class=\"wp-block-paragraph\">Boulderingov\u00e1 st\u011bna o plo\u0161e <strong>400 m<\/strong> \u010dtvere\u010dn\u00edch a v\u00fd\u0161ce 4,5 m nab\u00edz\u00ed\u00a0<strong>90-110 stav\u011bn\u00fdch<\/strong>\u00a0barevn\u011b odli\u0161en\u00fdch bouldr\u016f v obt\u00ed\u017enostech\u00a0<strong>V0-V10<\/strong>.<\/p>\n\n\n\n<div style=\"height:65px\" aria-hidden=\"true\" class=\"wp-block-spacer\"><\/div>\n\n\n\n<h3 class=\"wp-block-heading\">Vstupn\u00ed rajbas<\/h3>\n\n\n\n<p class=\"wp-block-paragraph\">Dal\u0161\u00edch 9 lezeck\u00fdch lini\u00ed v&nbsp;<strong>uklon\u011bn\u00e9m profilu<\/strong>&nbsp;a celkem 7 lezeck\u00fdch lini\u00ed ur\u010den\u00fdch pro nejmen\u0161\u00ed n\u00e1v\u0161t\u011bvn\u00edky naleznete p\u0159ed vstupem do hlavn\u00ed haly. Cel\u00fd sektor je nav\u00edc pokryt i dv\u011bma&nbsp;<strong>samonavij\u00e1ky na pojezdech<\/strong>.<\/p>\n\n\n\n<div style=\"height:65px\" aria-hidden=\"true\" class=\"wp-block-spacer\"><\/div>\n\n\n\n<h3 class=\"wp-block-heading\">V\u00fdukov\u00fd sektor<\/h3>\n\n\n\n<p class=\"wp-block-paragraph\">V\u00fdukov\u00fd sektor nazvan\u00fd&nbsp;<strong>&#8222;Galerie&#8220;<\/strong>&nbsp;obsahuje 10 lini\u00ed v&nbsp;kolm\u00e9m m\u00edrn\u011b strukturovan\u00e9m profilu ur\u010den\u00fdch zejm\u00e9na&nbsp;<strong>pro v\u00fduku, cesty jsou vykryty samonavij\u00e1ky<\/strong>. Sou\u010d\u00e1st\u00ed t\u00e9to \u010d\u00e1sti st\u011bny je&nbsp;i n\u011bkolik jist\u00edc\u00edch stanovi\u0161\u0165 pro z\u00e1klady v\u00fduky dovednost\u00ed nezbytn\u00fdch pro&nbsp;<strong>pohyb ve skaln\u00edm p\u0159\u00edrodn\u00edm ter\u00e9nu<\/strong>. V\u00fdukov\u00fd sektor tak\u00e9&nbsp;obsahuje&nbsp;jednoduch\u00fd&nbsp;<strong>polygon<\/strong>&nbsp;na v\u00fduku prov\u00e1d\u011bn\u00ed v\u00fd\u0161kov\u00fdch prac\u00ed pomoc\u00ed lanov\u00e9 techniky.<\/p>\n","protected":false},"excerpt":{"rendered":"<p>Hlavn\u00ed lezeck\u00e1 st\u011bna Hlavn\u00ed lezeck\u00e1 hala se rozkl\u00e1d\u00e1 na plo\u0161e\u00a060\u00a0m x 12,5 m\u00a0a nab\u00edz\u00ed lezeck\u00e9 linie v\u00a0d\u00e9lce\u00a011,5 a\u017e 22 m. Poskytuje lezen\u00ed jak v\u00a0uklon\u011bn\u00fdch strukturovan\u00fdch profilech, tak lezen\u00ed v\u00a0profilech kolm\u00fdch a p\u0159evisl\u00fdch. P\u0159evislost hlavn\u00edho sportovn\u00edho profilu \u201eGrotta\u201c dosahuje \u00factyhodn\u00fdch\u00a08 m,\u00a0u sportovn\u00edho profilu N\u00e1rodn\u00edho treninkov\u00e9ho centra pak 8,5 m a cesty v obt\u00ed\u017enosti a\u017e 9a stav\u011bn\u00e9 [&hellip;]<\/p>\n","protected":false},"author":1,"featured_media":0,"parent":31,"menu_order":2,"comment_status":"closed","ping_status":"closed","template":"","meta":{"_acf_changed":false,"_crdt_document":"","footnotes":""},"class_list":["post-462","page","type-page","status-publish","hentry"],"acf":[],"_links":{"self":[{"href":"https:\/\/www.hudysteny.cz\/brno\/wp-json\/wp\/v2\/pages\/462","targetHints":{"allow":["GET"]}}],"collection":[{"href":"https:\/\/www.hudysteny.cz\/brno\/wp-json\/wp\/v2\/pages"}],"about":[{"href":"https:\/\/www.hudysteny.cz\/brno\/wp-json\/wp\/v2\/types\/page"}],"author":[{"embeddable":true,"href":"https:\/\/www.hudysteny.cz\/brno\/wp-json\/wp\/v2\/users\/1"}],"replies":[{"embeddable":true,"href":"https:\/\/www.hudysteny.cz\/brno\/wp-json\/wp\/v2\/comments?post=462"}],"version-history":[{"count":2,"href":"https:\/\/www.hudysteny.cz\/brno\/wp-json\/wp\/v2\/pages\/462\/revisions"}],"predecessor-version":[{"id":1143,"href":"https:\/\/www.hudysteny.cz\/brno\/wp-json\/wp\/v2\/pages\/462\/revisions\/1143"}],"up":[{"embeddable":true,"href":"https:\/\/www.hudysteny.cz\/brno\/wp-json\/wp\/v2\/pages\/31"}],"wp:attachment":[{"href":"https:\/\/www.hudysteny.cz\/brno\/wp-json\/wp\/v2\/media?parent=462"}],"curies":[{"name":"wp","href":"https:\/\/api.w.org\/{rel}","templated":true}]}}

Parametry stěny

<h3 class="wp-block-heading">Hlavní lezecká stěna</h3>



<p class="wp-block-paragraph">Hlavní lezecká hala se rozkládá na ploše <strong>60 m x 12,5 m </strong>a nabízí lezecké linie v délce <strong>11,5 až 22 m</strong>. Poskytuje lezení jak v ukloněných strukturovaných profilech, tak lezení v profilech kolmých a převislých. Převislost hlavního sportovního profilu „Grotta“ dosahuje úctyhodných <strong>8 m, </strong>u sportovního profilu Národního treninkového centra pak 8,5 m a cesty v obtížnosti až 9a stavěné certifikovanými českými i zahraničními stavěči ČHS / IFSC. Celkem se ve všech sektorech lezecké stěny rozkládá <strong>3000 m </strong>čtverečních lezecké plochy se <strong>135 liniemi jištění</strong>. V závěru části Národního sportovního centra jsou <strong>dvě certifikované dráhy na rychlolezení </strong>včetně samonavijáků a časomíry. <strong>Celkem 44 jistících linií (cca 100 cest je vykryto jistícími samonavijáky)</strong>.</p>



<div style="height:65px" aria-hidden="true" class="wp-block-spacer"></div>



<h3 class="wp-block-heading">Boulderingová stěna</h3>



<p class="wp-block-paragraph">Boulderingová stěna o ploše <strong>400 m</strong> čtverečních a výšce 4,5 m nabízí <strong>90-110 stavěných</strong> barevně odlišených bouldrů v obtížnostech <strong>V0-V10</strong>.</p>



<div style="height:65px" aria-hidden="true" class="wp-block-spacer"></div>



<h3 class="wp-block-heading">Vstupní rajbas</h3>



<p class="wp-block-paragraph">Dalších 9 lezeckých linií v&nbsp;<strong>ukloněném profilu</strong>&nbsp;a celkem 7 lezeckých linií určených pro nejmenší návštěvníky naleznete před vstupem do hlavní haly. Celý sektor je navíc pokryt i dvěma&nbsp;<strong>samonavijáky na pojezdech</strong>.</p>



<div style="height:65px" aria-hidden="true" class="wp-block-spacer"></div>



<h3 class="wp-block-heading">Výukový sektor</h3>



<p class="wp-block-paragraph">Výukový sektor nazvaný&nbsp;<strong>&#8222;Galerie&#8220;</strong>&nbsp;obsahuje 10 linií v&nbsp;kolmém mírně strukturovaném profilu určených zejména&nbsp;<strong>pro výuku, cesty jsou vykryty samonavijáky</strong>. Součástí této části stěny je&nbsp;i několik jistících stanovišť pro základy výuky dovedností nezbytných pro&nbsp;<strong>pohyb ve skalním přírodním terénu</strong>. Výukový sektor také&nbsp;obsahuje&nbsp;jednoduchý&nbsp;<strong>polygon</strong>&nbsp;na výuku provádění výškových prací pomocí lanové techniky.</p>

<p>Hlavní lezecká stěna Hlavní lezecká hala se rozkládá na ploše 60 m x 12,5 m a nabízí lezecké linie v délce 11,5 až 22 m. Poskytuje lezení jak v ukloněných strukturovaných profilech, tak lezení v profilech kolmých a převislých. Převislost hlavního sportovního profilu „Grotta“ dosahuje úctyhodných 8 m, u sportovního profilu Národního treninkového centra pak 8,5 m a cesty v obtížnosti až 9a stavěné [&hellip;]</p>
