{"id":35,"date":"2023-06-22T16:09:05","date_gmt":"2023-06-22T14:09:05","guid":{"rendered":"https:\/\/dev-karlin.hudysteny.cz\/?page_id=35"},"modified":"2026-04-20T10:09:22","modified_gmt":"2026-04-20T08:09:22","slug":"cenik","status":"publish","type":"page","link":"https:\/\/www.hudysteny.cz\/boulderkarlin\/cenik\/","title":{"rendered":"Cen\u00edk"},"content":{"rendered":"\n<p class=\"has-text-align-center wp-block-paragraph\"><strong>Nabit\u00ed kreditu ve v\u00fd\u0161i<\/strong><br><strong>1500,- K\u010d = sleva 10 %, 2500,- K\u010d = sleva 15 % a 5000,- K\u010d = sleva 20 % !<\/strong><\/p>\n\n\n\n<div style=\"height:39px\" aria-hidden=\"true\" class=\"wp-block-spacer\"><\/div>\n\n\n\n<div class=\"wp-block-columns cenik is-layout-flex wp-container-core-columns-is-layout-9ba6dbca wp-block-columns-is-layout-flex\">\n<div class=\"wp-block-column is-layout-flow wp-block-column-is-layout-flow\" style=\"flex-basis:50%\">\n<figure class=\"wp-block-table\"><table><thead><tr><th>Kdo?<\/th><th>\u010cas<\/th><th>Pln\u00e9 vstupn\u00e9<\/th><\/tr><\/thead><tbody><tr><td>Dosp\u011bl\u00ed (Po-P\u00e1)****<\/td><td>3 h* (odchod <strong>do<\/strong> 17:00)<\/td><td>240&nbsp;K\u010d<\/td><\/tr><tr><td>Dosp\u011bl\u00ed (Po-P\u00e1)<\/td><td>3 h* (odchod <b>po<\/b> 17:00)<\/td><td>300&nbsp;K\u010d<\/td><\/tr><tr><td>Dosp\u011bl\u00ed (v\u00edkendy a sv\u00e1tky)<\/td><td>neomezen\u00e1<\/td><td>260&nbsp;K\u010d<\/td><\/tr><tr><td>Studenti** (Po-P\u00e1)****<\/td><td>3 h* (odchod <strong>do<\/strong> 17:00)<\/td><td>200&nbsp;K\u010d<\/td><\/tr><tr><td>Studenti**<br><\/td><td>3 h* (odchod <strong>po<\/strong> 17:00) v\u00edkendy a sv\u00e1tky neomezen\u00e1<\/td><td>240&nbsp;K\u010d<\/td><\/tr><tr><td>D\u011bti (4-14 let s doprovodem, 15-17 se souhlasem z\u00e1konn\u00e9ho z\u00e1stupce)<\/td><td>3 h* \/ v\u00edkendy a sv\u00e1tky neomezen\u00e1<\/td><td>190&nbsp;K\u010d<\/td><\/tr><tr><td>Senio\u0159i \/ ZTP***<\/td><td>3 h* \/ v\u00edkendy a sv\u00e1tky neomezen\u00e1<\/td><td>190&nbsp;K\u010d<\/td><\/tr><tr><td>Zkr\u00e1cen\u00fd vstup****<\/td><td>1.5 h*<\/td><td>200&nbsp;K\u010d<\/td><\/tr><\/tbody><\/table><\/figure>\n\n\n\n<div style=\"height:20px\" aria-hidden=\"true\" class=\"wp-block-spacer\"><\/div>\n\n\n\n<ul class=\"wp-block-list\">\n<li><a href=\"https:\/\/www.hudysteny.cz\/boulderkarlin\/wp-content\/uploads\/2025\/08\/A2_boulder_cenik.pdf\" target=\"_blank\" rel=\"noreferrer noopener\">Kompletn\u00ed cen\u00edk<\/a><\/li>\n\n\n\n<li><a href=\"https:\/\/www.hudysteny.cz\/boulderkarlin\/wp-content\/uploads\/2025\/08\/A2_boulder_price_list_09_2025-1.pdf\" target=\"_blank\" rel=\"noreferrer noopener\">Entry price list<\/a><\/li>\n\n\n\n<li><a href=\"https:\/\/www.hudysteny.cz\/boulderkarlin\/wp-content\/uploads\/2025\/01\/Praha-pujcovna-vybaveni.pdf\" target=\"_blank\" rel=\"noreferrer noopener\">Cen\u00edk p\u016fj\u010dovny<\/a><\/li>\n<\/ul>\n<\/div>\n\n\n\n<div class=\"wp-block-column is-layout-flow wp-block-column-is-layout-flow\" style=\"flex-basis:50%\">\n<div style=\"height:75px\" aria-hidden=\"true\" class=\"wp-block-spacer\"><\/div>\n\n\n\n<ol class=\"wp-block-list\">\n<li>* Omezen\u00e1 doba platnosti se vztahuje pouze na Po-P\u00e1 (mimo sv\u00e1tky). \u010cas v placen\u00e9m prostoru se za\u010d\u00edn\u00e1 po\u010d\u00edtat a\u017e p\u0159i samotn\u00e9m vstupu do placen\u00e9 z\u00f3ny p\u0159echodem p\u0159es turniket. Je mo\u017en\u00e9 se voln\u011b pohybovat z haly do prostoru baru\/\u0161aten a zp\u00e1tky. Syst\u00e9m po\u010d\u00edt\u00e1 \u010das v placen\u00e9m prostoru automaticky kontinu\u00e1ln\u011b od prvn\u00edho vstupu do posledn\u00edho odchodu, p\u0159i\u010dem\u017e nen\u00ed omezen po\u010det p\u0159echod\u016f turniketem. Pokud si n\u011bkdo ud\u011bl\u00e1 pauzu, tak \u010das mu po\u0159\u00e1d b\u011b\u017e\u00ed. Po uplynut\u00ed 3 hodin se za ka\u017edou zapo\u010datou hodinu \u00fa\u010dtuje 1\/3 ceny z\u00e1kladn\u00edho vstupn\u00e9ho po v\u0161ech uplatn\u011bn\u00fdch slev\u00e1ch.  <br><\/li>\n\n\n\n<li>** Studenti se mus\u00ed pro obdr\u017een\u00ed studentsk\u00e9ho vstupn\u00e9ho prok\u00e1zat pr\u016fkazem ISIC s platnou zn\u00e1mkou pro dan\u00fd kalend\u00e1\u0159n\u00ed rok nebo jin\u00fdm platn\u00fdm studentsk\u00fdm pr\u016fkazem.<br><\/li>\n\n\n\n<li>*** Pro z\u00edsk\u00e1n\u00ed slevy jako senior nebo ZTP je pot\u0159eba se prok\u00e1zat na recepci p\u0159\u00edslu\u0161n\u00fdm dokladem. Za seniory se pova\u017euj\u00ed osoby star\u0161\u00ed 60 let.<br><\/li>\n\n\n\n<li>**** \u201eZkr\u00e1cen\u00fd vstup\u201c a \u201eDosp\u011bl\u00ed (odchod do 17:00) a \u201eStudenti (odchod do 17:00)\u201c jsou zv\u00fdhodn\u011bn\u00e9 vstupy, kter\u00e9 plat\u00ed pouze Po-P\u00e1 p\u0159i odchodu v rozmez\u00ed od 7:00-17:00. Je mo\u017en\u00e9 uplatnit jen jeden zv\u00fdhodn\u011bn\u00fd vstup za cel\u00fd den. Tyto vstupy je mo\u017en\u00e9 \u010derpat pouze z nabit\u00e9ho kreditu, nen\u00ed mo\u017en\u00e9 je zakoupit samostatn\u011b. To znamen\u00e1, \u017ee je pot\u0159eba nab\u00edt p\u0159\u00edslu\u0161n\u00fd pln\u00fd vstup a rozd\u00edl z\u016fstane na va\u0161em \u00fa\u010dtu.<br><\/li>\n<\/ol>\n\n\n\n<div style=\"height:45px\" aria-hidden=\"true\" class=\"wp-block-spacer\"><\/div>\n\n\n\n<div class=\"wp-block-buttons is-content-justification-center is-layout-flex wp-container-core-buttons-is-layout-00cb7837 wp-block-buttons-is-layout-flex\">\n<div class=\"wp-block-button zelena\"><a class=\"wp-block-button__link wp-element-button\" href=\"https:\/\/www.memberzone.cz\/hudyboulder\/Account\/SignIn.aspx\" target=\"_blank\" rel=\"noreferrer noopener\">P\u0159ihl\u00e1\u0161en\u00ed\/registrace<\/a><\/div>\n<\/div>\n<\/div>\n<\/div>\n\n\n\n<div style=\"height:65px\" aria-hidden=\"true\" class=\"wp-block-spacer mezera_65\"><\/div>\n\n\n\n<h4 class=\"wp-block-heading\"><strong>D\u00e1rkov\u00e9 vouchery<\/strong><\/h4>\n\n\n\n<div style=\"height:25px\" aria-hidden=\"true\" class=\"wp-block-spacer\"><\/div>\n\n\n\n<p class=\"wp-block-paragraph\">M\u00e1te z\u00e1jem obdarovat n\u011bkoho d\u00e1rkov\u00fdm voucherem k n\u00e1m? <\/p>\n\n\n\n<p class=\"wp-block-paragraph\">Nov\u011b (od 20.4.2026)<strong> m\u016f\u017eete zakoupit d\u00e1rkov\u00fd poukaz na kredit i<\/strong> <a href=\"https:\/\/www.memberzone.cz\/hudyboulder\/Vouchery.aspx\" rel=\"noopener\"><strong>online<\/strong> <\/a>(500,- K\u010d, 1500,- K\u010d, 2500,- K\u010d, 5000,- K\u010d) nebo standardn\u011b fyzicky na na\u0161\u00ed st\u011bn\u011b. <\/p>\n\n\n\n<p class=\"wp-block-paragraph\">Tyto poukazy m\u016f\u017eete pot\u00e9 vyu\u017e\u00edt na dobit\u00ed kreditu na va\u0161em \u00fa\u010dtu a \u010derpat z n\u011bj libovoln\u011b na vstupy, n\u00e1kupy za barem nebo na ob\u010derstven\u00ed  \ud83d\ude42<\/p>\n\n\n\n<p class=\"wp-block-paragraph\">Tak\u00e9 akceptujeme HUDYsport pouk\u00e1zky v pap\u00edrov\u00e9 form\u011b (ne elektronick\u00e9).<\/p>\n\n\n\n<div style=\"height:40px\" aria-hidden=\"true\" class=\"wp-block-spacer\"><\/div>\n\n\n\n<h4 class=\"wp-block-heading\"><strong>Benefitn\u00ed a firemn\u00ed programy<\/strong><\/h4>\n\n\n\n<div style=\"height:25px\" aria-hidden=\"true\" class=\"wp-block-spacer\"><\/div>\n\n\n\n<p class=\"wp-block-paragraph\">Od <strong>pond\u011bl\u00ed 23. 2. 2026<\/strong> u n\u00e1s nov\u011b uplatn\u00edte <strong>kartu MultiSport<\/strong> \u2705<br>D\u00edky n\u00ed z\u00edsk\u00e1te hezkou <strong>slevu<\/strong> na vstup \ud83d\udc9b. <\/p>\n\n\n\n<div style=\"height:25px\" aria-hidden=\"true\" class=\"wp-block-spacer\"><\/div>\n\n\n\n<p class=\"wp-block-paragraph\"><strong>Jste zam\u011bstnavatel a chcete poskytnout sv\u00fdm zam\u011bstnanc\u016fm jako benefit slu\u017eby na\u0161eho sportovi\u0161t\u011b? <\/strong><\/p>\n\n\n\n<p class=\"wp-block-paragraph\"><strong>Jste zam\u011bstnancem ve spole\u010dnosti a m\u00e1te benefitn\u00ed fond nebo p\u0159\u00edsp\u011bvky od zam\u011bstnavatele na sport a rekreaci?<\/strong><\/p>\n\n\n\n<p class=\"wp-block-paragraph\">Nab\u00edz\u00edme mo\u017enost vystaven\u00ed faktury na va\u0161i spole\u010dnost \u010di v\u00e1\u0161 benefitn\u00ed program a n\u00e1sledn\u00e9 vyu\u017eit\u00ed va\u0161imi zam\u011bstnanci. Kontaktujte n\u00e1s na <a href=\"mailto:info@hudyboulder.cz\">info@hudyboulder.cz<\/a> pro v\u00edce informac\u00ed.  <\/p>\n\n\n\n<div class=\"wp-block-group alignfull bg_seda pt_65 pb_65 has-global-padding is-layout-constrained wp-block-group-is-layout-constrained\">\n<div class=\"wp-block-group oteviracka has-global-padding is-layout-constrained wp-block-group-is-layout-constrained\">\n<div class=\"wp-block-columns is-layout-flex wp-container-core-columns-is-layout-9ba6dbca wp-block-columns-is-layout-flex\">\n<div class=\"wp-block-column is-layout-flow wp-block-column-is-layout-flow\">\n<h3 class=\"wp-block-heading\">Otev\u00edrac\u00ed doba<\/h3>\n\n\n\n<figure class=\"wp-block-table noborder\"><table><tbody><tr><td>Pond\u011bl\u00ed<\/td><td>7.00 &#8211; 21.30<\/td><\/tr><tr><td>\u00dater\u00fd<\/td><td>7.00 &#8211; 21.30<\/td><\/tr><tr><td>St\u0159eda<\/td><td>7.00 &#8211; 21.30<\/td><\/tr><tr><td>\u010ctvrtek<\/td><td>7.00 &#8211; 21.30<\/td><\/tr><tr><td>P\u00e1tek<\/td><td>7.00 &#8211; 21.30<\/td><\/tr><tr><td>Sobota a ned\u011ble<\/td><td>9.00 &#8211; 21.30<\/td><\/tr><tr><td>St\u00e1tn\u00ed sv\u00e1tky<\/td><td>9.00 &#8211; 21.30<\/td><\/tr><\/tbody><\/table><\/figure>\n<\/div>\n\n\n\n<div class=\"wp-block-column is-layout-flow wp-block-column-is-layout-flow\">\n<h3 class=\"wp-block-heading\">Kde n\u00e1s najdete<\/h3>\n\n\n\n<p class=\"wp-block-paragraph\">HUDY Boulder Karl\u00edn<br>K\u0159i\u017e\u00edkova 684\/91a<br>186 00 Praha 8 &#8211; Karl\u00edn<br><br>Tel.: <a href=\"tel:+420 220 920 029\">+420 220 920 029<\/a><br>email: <a href=\"mailto:info@hudyboulder.cz\">info@hudyboulder.cz<\/a><\/p>\n<\/div>\n\n\n\n<div class=\"wp-block-column is-layout-flow wp-block-column-is-layout-flow\">\n<h3 class=\"wp-block-heading\">Sledujte n\u00e1s<\/h3>\n\n\n\n<div class=\"wp-block-group social is-nowrap is-layout-flex wp-container-core-group-is-layout-9ba6dbca wp-block-group-is-layout-flex\">\n<figure class=\"wp-block-image size-full is-resized\"><a class=\"https:\/\/www.facebook.com\/people\/HUDY-Boulder-Karl%C3%ADn\/100088976445014\/\" href=\"https:\/\/www.facebook.com\/profile.php?id=100088976445014\" target=\"_blank\" rel=\"noreferrer noopener\"><img decoding=\"async\" src=\"https:\/\/www.hudysteny.cz\/boulderkarlin\/wp-content\/uploads\/2023\/07\/facebook-b.svg\" alt=\"\" class=\"wp-image-323\" style=\"object-fit:cover;width:32px;height:32px\"\/><\/a><\/figure>\n\n\n\n<figure class=\"wp-block-image size-full is-resized\"><a href=\"https:\/\/www.instagram.com\/hudyboulder.karlin\/88976445014\" target=\"_blank\" rel=\"noreferrer noopener\"><img decoding=\"async\" src=\"https:\/\/www.hudysteny.cz\/boulderkarlin\/wp-content\/uploads\/2023\/07\/instagram-b.svg\" alt=\"\" class=\"wp-image-326\" style=\"object-fit:cover;width:32px;height:32px\"\/><\/a><\/figure>\n<\/div>\n\n\n\n<div style=\"height:25px;width:0px\" aria-hidden=\"true\" class=\"wp-block-spacer mezera_25\"><\/div>\n\n\n\n<p class=\"wp-block-paragraph\">Najdete n\u00e1s na <a href=\"https:\/\/mapy.cz\/s\/polutapafu\" data-type=\"link\" data-id=\"https:\/\/mapy.cz\/s\/polutapafu\" target=\"_blank\" rel=\"noreferrer noopener\">Mapy.cz<\/a> nebo <a href=\"https:\/\/goo.gl\/maps\/XBQzpFPgzujrfCt8A\" data-type=\"link\" data-id=\"https:\/\/goo.gl\/maps\/XBQzpFPgzujrfCt8A\" target=\"_blank\" rel=\"noreferrer noopener\">Google<\/a><br><br>V p\u0159\u00edpad\u011b, \u017ee k n\u00e1m pojedete autem, je o v\u00edkendu mo\u017en\u00e9 parkovat v p\u0159ilehl\u00fdch ulic\u00edch zdarma. Dal\u0161\u00ed informace k parkov\u00e1n\u00ed najdete na <a href=\"http:\/\/www.parkujvklidu.cz\" data-type=\"URL\" data-id=\"www.parkujvklidu.cz\" target=\"_blank\" rel=\"noreferrer noopener\">www.parkujvklidu.cz<\/a><\/p>\n<\/div>\n<\/div>\n<\/div>\n<\/div>\n","protected":false},"excerpt":{"rendered":"<p>Nabit\u00ed kreditu ve v\u00fd\u0161i1500,- K\u010d = sleva 10 %, 2500,- K\u010d = sleva 15 % a 5000,- K\u010d = sleva 20 % ! Kdo? \u010cas Pln\u00e9 vstupn\u00e9 Dosp\u011bl\u00ed (Po-P\u00e1)**** 3 h* (odchod do 17:00) 240&nbsp;K\u010d Dosp\u011bl\u00ed (Po-P\u00e1) 3 h* (odchod po 17:00) 300&nbsp;K\u010d Dosp\u011bl\u00ed (v\u00edkendy a sv\u00e1tky) neomezen\u00e1 260&nbsp;K\u010d Studenti** (Po-P\u00e1)**** 3 h* (odchod do [&hellip;]<\/p>\n","protected":false},"author":1,"featured_media":0,"parent":0,"menu_order":33,"comment_status":"closed","ping_status":"closed","template":"","meta":{"_acf_changed":false,"_crdt_document":"","footnotes":""},"class_list":["post-35","page","type-page","status-publish","hentry"],"acf":[],"_links":{"self":[{"href":"https:\/\/www.hudysteny.cz\/boulderkarlin\/wp-json\/wp\/v2\/pages\/35","targetHints":{"allow":["GET"]}}],"collection":[{"href":"https:\/\/www.hudysteny.cz\/boulderkarlin\/wp-json\/wp\/v2\/pages"}],"about":[{"href":"https:\/\/www.hudysteny.cz\/boulderkarlin\/wp-json\/wp\/v2\/types\/page"}],"author":[{"embeddable":true,"href":"https:\/\/www.hudysteny.cz\/boulderkarlin\/wp-json\/wp\/v2\/users\/1"}],"replies":[{"embeddable":true,"href":"https:\/\/www.hudysteny.cz\/boulderkarlin\/wp-json\/wp\/v2\/comments?post=35"}],"version-history":[{"count":5,"href":"https:\/\/www.hudysteny.cz\/boulderkarlin\/wp-json\/wp\/v2\/pages\/35\/revisions"}],"predecessor-version":[{"id":2760,"href":"https:\/\/www.hudysteny.cz\/boulderkarlin\/wp-json\/wp\/v2\/pages\/35\/revisions\/2760"}],"wp:attachment":[{"href":"https:\/\/www.hudysteny.cz\/boulderkarlin\/wp-json\/wp\/v2\/media?parent=35"}],"curies":[{"name":"wp","href":"https:\/\/api.w.org\/{rel}","templated":true}]}}